
6489991
What are the prime factors of 282710?
2, 5, 17, 1663
List the prime factors of 2641369.
2641369
List the prime factors of 1132939.
79, 14341
List the prime factors of 4097948.
2, 431, 2377
What are the prime factors of 5932578?
2, 3, 988763
What are the prime factors of 5824020?
2, 3, 5, 113, 859
List the prime factors of 625634.
2, 17, 18401
What are the prime factors of 127621?
13, 9817
List the prime factors of 25598284.
2, 61, 104911
List the prime factors of 1891085.
5, 7, 71, 761
What are the prime factors of 2769110?
2, 5, 67, 4133
List the prime factors of 110219.
19, 5801
List the prime factors of 1175752.
2, 47, 53, 59
List the prime factors of 4517884.
2, 7, 317, 509
List the prime factors of 2749778.
2, 787, 1747
List the prime factors of 1160381.
653, 1777
List the prime factors of 1121818.
2, 479, 1171
What are the prime factors of 263245?
5, 17, 19, 163
List the prime factors of 194919.
3, 43, 1511
What are the prime factors of 278806?
2, 11, 19, 23, 29
What are the prime factors of 2363743?
2363743
List the prime factors of 5773539.
3, 1924513
List the prime factors of 3613627.
113, 283
What are the prime factors of 2337962?
2, 11, 9661
What are the prime factors of 770314?
2, 599, 643
List the prime factors of 11053219.
11053219
List the prime factors of 155924.
2, 17, 2293
List the prime factors of 11282347.
317, 35591
What are the prime factors of 22562?
2, 29, 389
What are the prime factors of 18891330?
2, 3, 5, 629711
List the prime factors of 18517168.
2, 31, 37, 1009
List the prime factors of 215598.
2, 3, 35933
List the prime factors of 173158.
2, 86579
What are the prime factors of 456227?
31, 14717
List the prime factors of 8677902.
2, 3, 29, 53, 941
List the prime factors of 520691.
520691
What are the prime factors of 245868?
2, 3, 7, 2927
What are the prime factors of 218056?
2, 97, 281
List the prime factors of 1094537.
101, 10837
What are the prime factors of 322019?
61, 5279
List the prime factors of 24492296.
2, 3061537
What are the prime factors of 261520?
2, 5, 7, 467
What are the prime factors of 3642853?
1627, 2239
What are the prime factors of 157728?
2, 3, 31, 53
List the prime factors of 613361.
7, 87623
What are the prime factors of 4136290?
2, 5, 413629
What are the prime factors of 486289?
23, 21143
What are the prime factors of 1498786?
2, 749393
What are the prime factors of 1019137?
7, 41, 53, 67
What are the prime factors of 148846?
2, 19, 3917
List the prime factors of 323096.
2, 40387
What are the prime factors of 286156?
2, 13, 5503
List the prime factors of 6669550.
2, 5, 133391
List the prime factors of 2225861.
11, 17, 11903
List the prime factors of 3764187.
3, 7, 149, 401
List the prime factors of 335908.
2, 79, 1063
List the prime factors of 2188467.
3, 73, 3331
List the prime factors of 5720975.
5, 13, 29, 607
What are the prime factors of 4156688?
2, 239, 1087
List the prime factors of 6906975.
3, 5, 19, 37, 131
What are the prime factors of 7350388?
2, 457, 4021
What are the prime factors of 12352982?
2, 17, 421, 863
List the prime factors of 6668732.
2, 7, 37, 41, 157
What are the prime factors of 1166826?
2, 3, 194471
List the prime factors of 66912.
2, 3, 17, 41
List the prime factors of 1885903.
401, 4703
List the prime factors of 1877492.
2, 131, 3583
What are the prime factors of 3344409?
3, 13763
What are the prime factors of 22670?
2, 5, 2267
List the prime factors of 4001058.
2, 3, 19, 11699
What are the prime factors of 16886479?
67, 252037
List the prime factors of 952546.
2, 7, 19, 3581
What are the prime factors of 2901050?
2, 5, 17, 3413
What are the prime factors of 16409259?
3, 211, 8641
List the prime factors of 101821.
19, 23, 233
What are the prime factors of 39039?
3, 7, 11, 13
What are the prime factors of 8977466?
2, 313, 14341
What are the prime factors of 11217235?
5, 397, 5651
List the prime factors of 103722.
2, 3, 59, 293
List the prime factors of 20565145.
5, 4113029
List the prime factors of 825817.
523, 1579
What are the prime factors of 341085?
3, 5, 22739
What are the prime factors of 14923919?
467, 31957
List the prime factors of 436240.
2, 5, 7, 19, 41
What are the prime factors of 4432090?
2, 5, 13, 103, 331
What are the prime factors of 397881?
3, 11, 4019
List the prime factors of 8463243.
3, 47, 193, 311
What are the prime factors of 12017550?
2, 3, 5, 113, 709
What are the prime factors of 359611?
7, 41, 179
List the prime factors of 4071915.
3, 5, 41, 2207
What are the prime factors of 603600?
2, 3, 5, 503
List the prime factors of 692540.
2, 5, 31, 1117
What are the prime factors of 7096393?
743, 9551
List the prime factors of 808647.
3, 7, 5501
What are the prime factors of 314900?
2, 5, 47, 67
List the prime factors of 6965382.
2, 3, 241, 4817
What are the prime factors of 337902?
2, 3, 199, 283
What are the prime factors of 19550626?
2, 9775313
List the prime factors of 1081848.
2, 3, 45077
What are the prime factors of 8867344?
2, 554209
What are the prime factors of 53948?
2, 13487
What are the prime factors of 5534533?
127, 43579
List the prime factors of 2023241.
11, 23, 727
What are the prime factors of 292444?
2, 113, 647
What are the prime factors of 38598355?
5, 293, 26347
List the prime factors of 1207767.
3, 11, 36599
List the prime factors of 2116810.
2, 5, 211681
What are the prime factors of 1933570?
2, 5, 193357
What are the prime factors of 417827?
307, 1361
What are the prime factors of 281863?
89, 3167
List the prime factors of 1064719.
743, 1433
What are the prime factors of 26710008?
2, 3, 13, 59, 1451
List the prime factors of 210158.
2, 13, 59, 137
What are the prime factors of 373797?
3, 41, 1013
What are the prime factors of 16299267?
3, 5433089
What are the prime factors of 167104?
2, 7, 373
What are the prime factors of 23181846?
2, 3, 17, 29, 461
What are the prime factors of 3269633?
379, 8627
What are the prime factors of 5967641?
53, 109, 1033
What are the prime factors of 7843872?
2, 3, 81707
List the prime factors of 350531.
19, 971
What are the prime factors of 77228?
2, 43, 449
List the prime factors of 894058.
2, 11, 40639
List the prime factors of 12517490.
2, 5, 31, 149, 271
List the prime factors of 5476695.
3, 5, 7, 43, 1213
List the prime factors of 3745150.
2, 5, 74903
List the prime factors of 659219.
11, 59929
List the prime factors of 1114917.
3, 371639
What are the prime factors of 4030729?
83, 48563
List the prime factors of 1705617.
3, 7019
List the prime factors of 71697.
3, 23899
List the prime factors of 2554748.
2, 7, 23, 3967
List the prime factors of 8151510.
2, 3, 5, 43, 71, 89
What are the prime factors of 209434?
2, 104717
What are the prime factors of 33108172?
2, 8277043
What are the prime factors of 16545887?
1409, 11743
What are the prime factors of 277762?
2, 29, 4789
List the prime factors of 261983.
261983
What are the prime factors of 5197119?
3, 29, 31, 41, 47
What are the prime factors of 605798?
2, 101, 2999
List the prime factors of 2038357.
199, 10243
List the prime factors of 31534723.
11, 2866793
List the prime factors of 202029.
3, 67343
List the prime factors of 1786622.
2, 67, 199
List the prime factors of 370201.
13, 28477
List the prime factors of 7179508.
2, 7, 17, 15083
What are the prime factors of 326303?
37, 8819
List the prime factors of 1091743.
967, 1129
What are the prime factors of 1930780?
2, 5, 19, 5081
List the prime factors of 80127.
3, 29, 307
What are the prime factors of 9149990?
2, 5, 593, 1543
What are the prime factors of 271495?
5, 7, 7757
List the prime factors of 1803968.
2, 71, 397
What are the prime factors of 350202?
2, 3, 58367
List the prime factors of 710824.
2, 88853
List the prime factors of 31129667.
31129667
List the prime factors of 1052494.
2, 61, 8627
List the prime factors of 249916.
2, 43, 1453
What are the prime factors of 602007?
3, 7, 109, 263
List the prime factors of 1254429.
3, 11, 12671
What are the prime factors of 5207551?
181, 28771
List the prime factors of 2257491.
3, 283, 2659
List the prime factors of 483148.
2, 43, 53
List the prime factors of 146100.
2, 3, 5, 487
What are the prime factors of 39243579?
3, 13081193
What are the prime factors of 24538?
2, 12269
List the prime factors of 1588043.
1588043
